4*m + 9. Let z be d(-8). What is the tens digit of 6 + (0 - 4) - z?
2
Let x(n) be the first derivative of -n**2 - 1/3*n**3 - 3/4*n**4 - 6 - 3*n. What is the units digit of x(-2)?
1
Let n be (-1)/2*(-7)/(7/2). What is the tens digit of (n - -3 - -1)*7?
3
Let n(v) = v**2 - 9*v + 16. Let q(t) = -t - 4. Let w be q(4). What is the hundreds digit of n(w)?
1
Suppose 9*v = 27*v - 9198. What is the hundreds digit of v?
5
Suppose 1 = -k + 2. Let p be ((-55)/(-2))/(-11) - (-1)/2. What is the tens digit of 13*(p + 3)/k?
1
Suppose -19 = -2*x - 13. Suppose 0 = -x*f + 286 - 13. What is the tens digit of f?
9
Let b(v) = 48*v + 5. Let w be b(5). Let l = 343 - 172. Let j = w - l. What is the units digit of j?
4
Let j(m) = 3*m**2 - 47*m - 75. What is the hundreds digit of j(27)?
8
What is the units digit of (597 - -4)/((9 + -1)/24)?
3
Suppose 2*n + 4*f - 4 = 0, 2*f = 4*n - 3*f + 5. Let l be (n + -2)/((-30)/645). Suppose -22 = -o + l. What is the units digit of o?
5
Let n = -25 - -20. Let v be (0/n)/(2*-2). Suppose -4*g - 2*o + 84 = -v*o, -2*g + 46 = -o. What is the units digit of g?
2
Let f = -1309 + 3115. What is the thousands digit of f?
1
Let u(k) = -335*k + 11. What is the tens digit of u(-1)?
4
Let i(o) = 42*o**3 - 3*o**2 + 19*o - 40. What is the tens digit of i(3)?
2
Let j(s) = s + 12. Let p be j(-12). Suppose -140 = -2*c - 4*t, -3*c - c + 4*t + 340 = p. Suppose 0*g + 5*g = c. What is the tens digit of g?
1
Let n(b) = 1763*b**3 - b**2 + 12*b - 11. What is the hundreds digit of n(1)?
7
Let q = -297 + 504. Suppose -1529 = -8*s + q. What is the units digit of s?
7
Suppose -2*c + 1068 = -338. What is the tens digit of c?
0
What is the tens digit of (-7)/(-14) + (-6995)/(-10) - 5?
9
Let l = 56 + -40. Let s = l + -14. Suppose 0 = c + 3*q - 4, c - 48 = -c + s*q. What is the units digit of c?
9
Let l(j) be the third derivative of j**5/10 + j**4/24 + j**3/6 + 2*j**2. Suppose 534*v = 541*v - 21. What is the units digit of l(v)?
8
Let o(i) = 3*i**2 + 6*i - 2. Let l be o(-3). Let m be (2 - 7)/(1/l). Let k = -13 - m. What is the tens digit of k?
2
Suppose 0 = 10*r + 1342 - 6292. What is the tens digit of r?
9
Suppose 4*r + 5*l = 9411 - 1309, 0 = -5*l + 10. What is the tens digit of r?
2
Let p = 4 - 2. Suppose -4*s = -4*q, 3*s + p*s - 27 = -4*q. Suppose 0 = 2*k + 4*o - 74, -7*o + q*o - 115 = -5*k. What is the tens digit of k?
2
Suppose -3*r + 3 = 0, -5*g + 3742 = -7*r + 4*r. What is the hundreds digit of g?
7
Suppose 0 = -3*h + 5*h + 5*r - 29, h - 2*r - 37 = 0. What is the units digit of h?
7
Suppose -20 = -f + 3*q, 3*f - 4*f + 5*q = -10. Suppose -3*p = -61 - f. What is the units digit of p?
2
Let q(k) = 227*k - 149. What is the thousands digit of q(8)?
1
Let d(k) = -k**2 + 2*k. Let f be d(3). Let i(s) = 12*s. Let j(b) = -25*b + 2. Let y(q) = -7*i(q) - 3*j(q). What is the units digit of y(f)?
1
Suppose 3*k + 5*k - 3432 = 0. Suppose 2*q - 176 = -4*u + 166, 0 = 5*u + q - k. What is the units digit of u?
6
Let v(d) = d**3 + 6*d**2 - 4*d - 21. Let j(r) = -r - 9. Let c be j(-3). What is the units digit of v(c)?
3
Let x = 18 - 15. Let v be -18 - -2*x/2. Let k = 20 - v. What is the tens digit of k?
3
Suppose 2*v = 0, 4*i + 7*v - 3*v = 4. Suppose -2*s = -11 + i. What is the units digit of s?
5
Let z = 16 + -13. Suppose 33 - z = 3*x. What is the units digit of x?
0
Suppose 33*s + 1262 = 35*s. What is the units digit of s?
1
Suppose 6660 = 16*z - 6172. What is the units digit of z?
2
Suppose 0 = 5*i - 5*t - 10875, -5*i - 5*t - 2592 = -13457. What is the units digit of i?
4
Let r = -11 - -12. Let j(w) = -12*w. Let a be j(r). Let h(g) = -3*g - 7. What is the units digit of h(a)?
9
Let h be (10/4)/(5/10). Let q(f) = 2*f + 0*f + 1 - h*f**3 + f**2 - 3*f**3 + 0*f**3. What is the units digit of q(-1)?
8
Let q(g) = -g**3 + 9*g**2 + 3*g - 10. Let j(v) = -v**2 - v - 1. Let n(u) = -j(u) + q(u). Let l = -66 - -76. What is the tens digit of n(l)?
3
Let u(j) = 6*j**2 + 38*j + 319. What is the hundreds digit of u(-10)?
5
What is the units digit of (-10 - 1)*((19 - 22) + -183)?
6
Let a(i) = i**2 - 7*i - 2. Let b(n) = n**2 - 7*n - 1. Let h(k) = 4*a(k) - 3*b(k). Let j be h(6). Let r(g) = g**2 + 9*g - 2. What is the units digit of r(j)?
0
Suppose -7*h + 4*g = -3*h - 12, 0 = -5*g. Suppose -5*o = 10, 3*t + h*o + 3 = -33. What is the units digit of 204/t*(-60)/24?
1
Suppose 0 = -3*m - t + 17, -2*m + 2 = m - 2*t. Suppose -5*f - 987 = -m*r, -r + 4*f + 739 = 2*r. What is the units digit of r?
3
Let u(s) = 5*s + 0 + 3 - 4*s + 0. Let m be u(3). What is the units digit of 2/m*-3*-8?
8
Let q = -228 - -496. What is the hundreds digit of q?
2
Let c be ((-32)/12)/(2/(-6)). Suppose c*k - 645 + 269 = 0. What is the tens digit of k?
4
Let a = 2125 + 570. What is the tens digit of a?
9
Let y(k) be the second derivative of k**3/3 - k**2/2 + k. Let u(d) = 9*d - 90. Let o be u(11). What is the units digit of y(o)?
7
Let n(o) = 774*o - 1156. What is the thousands digit of n(9)?
5
Let n(q) be the first derivative of 3*q**2 - 13*q - 15. What is the tens digit of n(5)?
1
Let r = 82 + -47. Suppose -4*g + 169 = -r. What is the tens digit of g?
5
Let m be (-3 - 3)*(-4)/(-8). Let y be (-18)/(-8)*(-4)/m. Suppose 3*s - 84 = -y*v, -95 = -5*v + 5*s + 35. What is the units digit of v?
7
Let s be (-12)/9 + (-140)/3. Let q = s + 28. Let x = 72 + q. What is the units digit of x?
2
What is the units digit of -1985*(-4)/4 + 8?
3
Let w = 19 + -13. Suppose -3*r - w = -2*r. Let n(d) = d**3 + 6*d**2 - 2*d - 8. What is the units digit of n(r)?
4
Let o(s) = s**3 - 32*s**2 + 75*s - 6. What is the units digit of o(30)?
4
Let t = -265 + 146. Suppose 0 = x + 35 + 29. Let s = x - t. What is the tens digit of s?
5
Let g be ((-40)/(-24))/((-1)/(-21)). Let r = g - 23. What is the units digit of r?
2
Let o = 0 + 7. Suppose -i + 1 = 0, -2*u - i = -5*u - o. What is the units digit of 23 - ((-6)/u + -4)?
4
Let q(p) = p + 12. Let x be q(-10). Let y(u) = 9*u - 54. Let a(s) = 3*s - 18. Let d(m) = x*y(m) - 7*a(m). What is the tens digit of d(-8)?
4
Suppose -3*g + 4*f + 7 = 0, 2*g - 4*f = 5*g - 23. Suppose -5 = -5*y - 6*c + c, 5 = -3*y - g*c. Suppose -473 = -y*m - 168. What is the units digit of m?
1
Suppose 0 = 2*g + 23 - 251. Suppose -2 = -n, -2*u - 4*n + g = 22. Let t = u - 3. What is the units digit of t?
9
Let w(y) = 2*y + 30. Let b be w(-13). Suppose 7*s - 36 = b*s. What is the tens digit of s?
1
Let u(d) = 8*d - 4. Let t be 3/((-4)/((-16)/6)). Suppose 2*l - t = -3*g + 1, -5*g + 9 = 2*l. What is the tens digit of u(g)?
2
Let v(x) = 4*x**3 + 2*x**2 + x - 37. What is the hundreds digit of v(4)?
2
Let f be 12/(-7)*(-5)/(10/14). What is the hundreds digit of (-516)/(-2) - 3/f*8?
2
Suppose 50*d = 52*d - 2100. What is the thousands digit of d?
1
Suppose 2*k - 3*o = 4*k - 4750, k - 4*o = 2397. What is the thousands digit of k?
2
Suppose 0 = s + 362 - 47. Let v = 465 + s. What is the units digit of v?
0
Suppose 4*u + 9 = -4*g + 81, u + 60 = 5*g. Suppose g = 5*a + 3. Suppose 0 = a*h - 1 - 13. What is the units digit of h?
7
Let k be 40/18 + (-4)/18. Suppose -3*r + k*v - 30 = 0, -v - v = -2*r - 18. Let u = r - -22. What is the tens digit of u?
1
Let d(y) = -41*y + 40. Let r be d(-4). Let o = r + -12. What is the units digit of o?
2
Let i be -30 - 8/4 - -3. Let r = 61 - i. What is the units digit of r?
0
Let f(w) = 3*w - 3. Let b be f(6). Let a be b/10*2/1. Suppose a*o - 3*j = -o + 13, 0 = -o + 3*j + 10. What is the units digit of o?
1
Let o(z) = 2*z**2 + 26*z + 22. Let h be o(-14). Let c be 6*((-6)/4 - 0). Let m = c + h. What is the units digit of m?
1
Let j = 9 + -38. Let k = j - -35. Suppose -k*n = -12 - 102. What is the units digit of n?
9
Let o(t) = t - 5. Let d be o(-6). Let a(q) = q**3 + 2*q**2 - 1. Let c be a(2). What is the units digit of d/(-3) + 5/c?
4
Suppose -o = -3*d + 7356 - 2393, -4*d + 3*o + 6614 = 0. What is the hundreds digit of d?
6
Suppose 3*r - 2*w = 8, 4*w + 4 = 4*r - 4. Suppose -r*g + 2*f = -262, 3*g - 4*f = -0*g + 189. What is the tens digit of g?
6
Let m be -4 + -12*(-2)/(-4). What is the tens digit of (((-36)/m)/6)/((-2)/(-410))?
2
Suppose 19*w - 2*w = 8177. What is the units digit of w?
1
Let g = 135 + 112. What is the hundreds digit of g?
2
Let z(d) = -9*d**2 + 18*d - 20. Let a(b) = 5*b**2 - 9*b + 10. Let u(s) = -11*a(s) - 6*z(s)